{"id":277,"date":"2025-08-01T14:02:49","date_gmt":"2025-08-01T14:02:49","guid":{"rendered":"https:\/\/ilposto.fi\/index.php\/offerings\/"},"modified":"2026-01-29T09:38:19","modified_gmt":"2026-01-29T09:38:19","slug":"offerings","status":"publish","type":"page","link":"https:\/\/ristoranteroma.fi\/Roma2\/offerings\/","title":{"rendered":"Offerings"},"content":{"rendered":"\t\t<div data-elementor-type=\"wp-page\" data-elementor-id=\"277\" class=\"elementor elementor-277\">\n\t\t\t\t<div class=\"elementor-element elementor-element-08d2b1d e-flex e-con-boxed e-con e-parent\" data-id=\"08d2b1d\" data-element_type=\"container\" data-e-type=\"container\" data-settings=\"{&quot;background_background&quot;:&quot;classic&quot;}\">\n\t\t\t\t\t<div class=\"e-con-inner\">\n\t\t\t\t<div class=\"elementor-element elementor-element-cb732a3 elementor-widget elementor-widget-heading\" data-id=\"cb732a3\" data-element_type=\"widget\" data-e-type=\"widget\" data-widget_type=\"heading.default\">\n\t\t\t\t\t<h1 class=\"elementor-heading-title elementor-size-default\">Tarjouksemme<\/h1>\t\t\t\t<\/div>\n\t\t\t\t\t<\/div>\n\t\t\t\t<\/div>\n\t\t<div class=\"elementor-element elementor-element-1821ff6 e-flex e-con-boxed e-con e-parent\" data-id=\"1821ff6\" data-element_type=\"container\" data-e-type=\"container\" data-settings=\"{&quot;background_background&quot;:&quot;classic&quot;}\">\n\t\t\t\t\t<div class=\"e-con-inner\">\n\t\t\t\t<div class=\"elementor-element elementor-element-63eecf7 elementor-widget elementor-widget-image-box\" data-id=\"63eecf7\" data-element_type=\"widget\" data-e-type=\"widget\" data-widget_type=\"image-box.default\">\n\t\t\t\t\t<div class=\"elementor-image-box-wrapper\"><div class=\"elementor-image-box-content\"><h2 class=\"elementor-image-box-title\">Tutustu makuihin Roomasta<\/h2><p class=\"elementor-image-box-description\">Ruokalistamme \u2013 makumatka Italian klassikoihin<\/p><\/div><\/div>\t\t\t\t<\/div>\n\t\t<div class=\"elementor-element elementor-element-a030e8e e-con-full e-flex e-con e-child\" data-id=\"a030e8e\" data-element_type=\"container\" data-e-type=\"container\">\n\t\t<div class=\"elementor-element elementor-element-caa14c2 e-con-full e-flex e-con e-child\" data-id=\"caa14c2\" data-element_type=\"container\" data-e-type=\"container\">\n\t\t\t\t<div class=\"elementor-element elementor-element-a740759 elementor-widget elementor-widget-image\" data-id=\"a740759\" data-element_type=\"widget\" data-e-type=\"widget\" data-widget_type=\"image.default\">\n\t\t\t\t\t\t\t\t\t\t\t\t\t\t\t<img fetchpriority=\"high\" decoding=\"async\" width=\"1536\" height=\"2048\" src=\"https:\/\/ristoranteroma.fi\/Roma2\/wp-content\/uploads\/2026\/01\/Roma-Ruoka-26.01.26_21.jpg\" class=\"attachment-full size-full wp-image-3101\" alt=\"\" srcset=\"https:\/\/ristoranteroma.fi\/Roma2\/wp-content\/uploads\/2026\/01\/Roma-Ruoka-26.01.26_21.jpg 1536w, https:\/\/ristoranteroma.fi\/Roma2\/wp-content\/uploads\/2026\/01\/Roma-Ruoka-26.01.26_21-225x300.jpg 225w, https:\/\/ristoranteroma.fi\/Roma2\/wp-content\/uploads\/2026\/01\/Roma-Ruoka-26.01.26_21-768x1024.jpg 768w, https:\/\/ristoranteroma.fi\/Roma2\/wp-content\/uploads\/2026\/01\/Roma-Ruoka-26.01.26_21-1152x1536.jpg 1152w\" sizes=\"(max-width: 1536px) 100vw, 1536px\" \/>\t\t\t\t\t\t\t\t\t\t\t\t\t\t\t<\/div>\n\t\t\t\t<\/div>\n\t\t<div class=\"elementor-element elementor-element-de69b16 e-con-full e-flex e-con e-child\" data-id=\"de69b16\" data-element_type=\"container\" data-e-type=\"container\">\n\t\t\t\t<div class=\"elementor-element elementor-element-aaf103a elementor-widget elementor-widget-heading\" data-id=\"aaf103a\" data-element_type=\"widget\" data-e-type=\"widget\" data-widget_type=\"heading.default\">\n\t\t\t\t\t<p class=\"elementor-heading-title elementor-size-default\">01<\/p>\t\t\t\t<\/div>\n\t\t\t\t<div class=\"elementor-element elementor-element-e828ddf elementor-widget elementor-widget-image-box\" data-id=\"e828ddf\" data-element_type=\"widget\" data-e-type=\"widget\" data-widget_type=\"image-box.default\">\n\t\t\t\t\t<div class=\"elementor-image-box-wrapper\"><div class=\"elementor-image-box-content\"><h3 class=\"elementor-image-box-title\">Tarjontamme \u2013 Rooman maut, meid\u00e4n tapamme<\/h3><p class=\"elementor-image-box-description\">Ristorante Roman keitti\u00f6 pohjautuu Rooman ajattomaan ruokakulttuuriin, jossa raaka-aineet ovat p\u00e4\u00e4osassa ja maut selkeit\u00e4. Ruokalistamme el\u00e4\u00e4 sesongin ja perinteiden mukaan, yhdist\u00e4en klassiset italialaiset maut moderniin otteeseen. Tarjoamme ohuet ja rapeat roomalaistyyliset pizzat, klassiset pastat, t\u00e4ytel\u00e4iset risotot sek\u00e4 huolella valmistetut p\u00e4\u00e4ruoat lihasta, kalasta ja kasviksista. Aterian aloittavat antipastot her\u00e4tt\u00e4v\u00e4t ruokahalun ja johdattavat italialaisen keitti\u00f6n ytimeen.\n\n\u201cRoomalainen keitti\u00f6 ei kiirehdi \u2013 se antaa maun puhua.\u201d<\/p><\/div><\/div>\t\t\t\t<\/div>\n\t\t\t\t<\/div>\n\t\t\t\t<\/div>\n\t\t<div class=\"elementor-element elementor-element-1671a9e e-con-full e-flex e-con e-child\" data-id=\"1671a9e\" data-element_type=\"container\" data-e-type=\"container\">\n\t\t<div class=\"elementor-element elementor-element-9e1cc28 e-con-full e-flex e-con e-child\" data-id=\"9e1cc28\" data-element_type=\"container\" data-e-type=\"container\">\n\t\t\t\t<div class=\"elementor-element elementor-element-98554cc elementor-widget elementor-widget-heading\" data-id=\"98554cc\" data-element_type=\"widget\" data-e-type=\"widget\" data-widget_type=\"heading.default\">\n\t\t\t\t\t<p class=\"elementor-heading-title elementor-size-default\">02<\/p>\t\t\t\t<\/div>\n\t\t\t\t<div class=\"elementor-element elementor-element-034eff7 elementor-widget elementor-widget-image-box\" data-id=\"034eff7\" data-element_type=\"widget\" data-e-type=\"widget\" data-widget_type=\"image-box.default\">\n\t\t\t\t\t<div class=\"elementor-image-box-wrapper\"><div class=\"elementor-image-box-content\"><h3 class=\"elementor-image-box-title\">Viinit ja juomat \u2013 makujen luonnollinen jatke<\/h3><p class=\"elementor-image-box-description\">Juomavalikoimamme on rakennettu t\u00e4ydent\u00e4m\u00e4\u00e4n ruokia, ei peitt\u00e4m\u00e4\u00e4n niit\u00e4. Italialaiset viinit, raikkaat aperitiivit ja harkitut alkoholittomat vaihtoehdot muodostavat tasapainoisen kokonaisuuden, joka sopii niin illalliselle kuin rennompaan hetkeen.\n\n\u201cHyv\u00e4 ruoka ansaitsee hyv\u00e4n seuran \u2013 my\u00f6s lasissa.\u201d<\/p><\/div><\/div>\t\t\t\t<\/div>\n\t\t\t\t<\/div>\n\t\t<div class=\"elementor-element elementor-element-ba03359 e-con-full e-flex e-con e-child\" data-id=\"ba03359\" data-element_type=\"container\" data-e-type=\"container\">\n\t\t\t\t<div class=\"elementor-element elementor-element-6324539 elementor-widget elementor-widget-image\" data-id=\"6324539\" data-element_type=\"widget\" data-e-type=\"widget\" data-widget_type=\"image.default\">\n\t\t\t\t\t\t\t\t\t\t\t\t\t\t\t<img decoding=\"async\" width=\"1536\" height=\"2048\" src=\"https:\/\/ristoranteroma.fi\/Roma2\/wp-content\/uploads\/2026\/01\/roma-22.11.25_25.jpg\" class=\"attachment-full size-full wp-image-2783\" alt=\"\" srcset=\"https:\/\/ristoranteroma.fi\/Roma2\/wp-content\/uploads\/2026\/01\/roma-22.11.25_25.jpg 1536w, https:\/\/ristoranteroma.fi\/Roma2\/wp-content\/uploads\/2026\/01\/roma-22.11.25_25-225x300.jpg 225w, https:\/\/ristoranteroma.fi\/Roma2\/wp-content\/uploads\/2026\/01\/roma-22.11.25_25-768x1024.jpg 768w, https:\/\/ristoranteroma.fi\/Roma2\/wp-content\/uploads\/2026\/01\/roma-22.11.25_25-1152x1536.jpg 1152w, https:\/\/ristoranteroma.fi\/Roma2\/wp-content\/uploads\/2026\/01\/roma-22.11.25_25-1320x1760.jpg 1320w, https:\/\/ristoranteroma.fi\/Roma2\/wp-content\/uploads\/2026\/01\/roma-22.11.25_25-600x800.jpg 600w\" sizes=\"(max-width: 1536px) 100vw, 1536px\" \/>\t\t\t\t\t\t\t\t\t\t\t\t\t\t\t<\/div>\n\t\t\t\t<\/div>\n\t\t\t\t<\/div>\n\t\t<div class=\"elementor-element elementor-element-0140104 e-con-full e-flex e-con e-child\" data-id=\"0140104\" data-element_type=\"container\" data-e-type=\"container\">\n\t\t<div class=\"elementor-element elementor-element-6e4128f e-con-full e-flex e-con e-child\" data-id=\"6e4128f\" data-element_type=\"container\" data-e-type=\"container\">\n\t\t\t\t<div class=\"elementor-element elementor-element-fc9cd32 elementor-widget elementor-widget-image\" data-id=\"fc9cd32\" data-element_type=\"widget\" data-e-type=\"widget\" data-widget_type=\"image.default\">\n\t\t\t\t\t\t\t\t\t\t\t\t\t\t\t<img decoding=\"async\" width=\"2048\" height=\"1365\" src=\"https:\/\/ristoranteroma.fi\/Roma2\/wp-content\/uploads\/2026\/01\/Roma-Ruoka-26.01.26_8.jpg\" class=\"attachment-full size-full wp-image-3088\" alt=\"\" srcset=\"https:\/\/ristoranteroma.fi\/Roma2\/wp-content\/uploads\/2026\/01\/Roma-Ruoka-26.01.26_8.jpg 2048w, https:\/\/ristoranteroma.fi\/Roma2\/wp-content\/uploads\/2026\/01\/Roma-Ruoka-26.01.26_8-300x200.jpg 300w, https:\/\/ristoranteroma.fi\/Roma2\/wp-content\/uploads\/2026\/01\/Roma-Ruoka-26.01.26_8-1024x683.jpg 1024w, https:\/\/ristoranteroma.fi\/Roma2\/wp-content\/uploads\/2026\/01\/Roma-Ruoka-26.01.26_8-768x512.jpg 768w, https:\/\/ristoranteroma.fi\/Roma2\/wp-content\/uploads\/2026\/01\/Roma-Ruoka-26.01.26_8-1536x1024.jpg 1536w\" sizes=\"(max-width: 2048px) 100vw, 2048px\" \/>\t\t\t\t\t\t\t\t\t\t\t\t\t\t\t<\/div>\n\t\t\t\t<\/div>\n\t\t<div class=\"elementor-element elementor-element-60a31fe e-con-full e-flex e-con e-child\" data-id=\"60a31fe\" data-element_type=\"container\" data-e-type=\"container\">\n\t\t\t\t<div class=\"elementor-element elementor-element-3051a15 elementor-widget elementor-widget-heading\" data-id=\"3051a15\" data-element_type=\"widget\" data-e-type=\"widget\" data-widget_type=\"heading.default\">\n\t\t\t\t\t<p class=\"elementor-heading-title elementor-size-default\">03<\/p>\t\t\t\t<\/div>\n\t\t\t\t<div class=\"elementor-element elementor-element-e6fd734 elementor-widget elementor-widget-image-box\" data-id=\"e6fd734\" data-element_type=\"widget\" data-e-type=\"widget\" data-widget_type=\"image-box.default\">\n\t\t\t\t\t<div class=\"elementor-image-box-wrapper\"><div class=\"elementor-image-box-content\"><h3 class=\"elementor-image-box-title\">J\u00e4lkiruoat \u2013 pieni, mutta merkityksellinen loppusointu<\/h3><p class=\"elementor-image-box-description\">Ateria Ristorante Romassa p\u00e4\u00e4ttyy makeaan, mutta hillittyyn s\u00e4vyyn. Klassiset italialaiset j\u00e4lkiruoat viimeistelev\u00e4t kokonaisuuden ja j\u00e4tt\u00e4v\u00e4t tilaa nautinnolle \u2013 ei kiireelle.\n<\/p><\/div><\/div>\t\t\t\t<\/div>\n\t\t\t\t<\/div>\n\t\t\t\t<\/div>\n\t\t\t\t\t<\/div>\n\t\t\t\t<\/div>\n\t\t<div class=\"elementor-element elementor-element-adb960c e-flex e-con-boxed e-con e-parent\" data-id=\"adb960c\" data-element_type=\"container\" data-e-type=\"container\" data-settings=\"{&quot;background_background&quot;:&quot;classic&quot;}\">\n\t\t\t\t\t<div class=\"e-con-inner\">\n\t\t\t\t\t<\/div>\n\t\t\t\t<\/div>\n\t\t<div class=\"elementor-element elementor-element-e7a6a7a e-flex e-con-boxed e-con e-parent\" data-id=\"e7a6a7a\" data-element_type=\"container\" data-e-type=\"container\" data-settings=\"{&quot;background_background&quot;:&quot;classic&quot;}\">\n\t\t\t\t\t<div class=\"e-con-inner\">\n\t\t\t\t<div class=\"elementor-element elementor-element-dec54f0 elementor-widget elementor-widget-image-box\" data-id=\"dec54f0\" data-element_type=\"widget\" data-e-type=\"widget\" data-widget_type=\"image-box.default\">\n\t\t\t\t\t<div class=\"elementor-image-box-wrapper\"><div class=\"elementor-image-box-content\"><h2 class=\"elementor-image-box-title\">Enemm\u00e4n kuin ruoka<\/h2><p class=\"elementor-image-box-description\">Ristorante Roma on paikka, jossa ruoka, viini ja tunnelma kohtaavat. L\u00e4mmin palvelu, huolellisesti viimeistelty ymp\u00e4rist\u00f6 ja italialainen ajatus nautinnosta tekev\u00e4t jokaisesta vierailusta kokemuksen, johon haluaa palata.<\/p><\/div><\/div>\t\t\t\t<\/div>\n\t\t<div class=\"elementor-element elementor-element-3c9b079 e-con-full e-flex e-con e-child\" data-id=\"3c9b079\" data-element_type=\"container\" data-e-type=\"container\">\n\t\t<div class=\"elementor-element elementor-element-7789b9e e-con-full e-flex e-con e-child\" data-id=\"7789b9e\" data-element_type=\"container\" data-e-type=\"container\">\n\t\t\t\t<div class=\"elementor-element elementor-element-254380d elementor-widget elementor-widget-image\" data-id=\"254380d\" data-element_type=\"widget\" data-e-type=\"widget\" data-widget_type=\"image.default\">\n\t\t\t\t\t\t\t\t\t\t\t\t\t\t\t<img loading=\"lazy\" decoding=\"async\" width=\"1536\" height=\"2048\" src=\"https:\/\/ristoranteroma.fi\/Roma2\/wp-content\/uploads\/2026\/01\/roma-22.11.25_42.jpg\" class=\"attachment-full size-full wp-image-2713\" alt=\"\" srcset=\"https:\/\/ristoranteroma.fi\/Roma2\/wp-content\/uploads\/2026\/01\/roma-22.11.25_42.jpg 1536w, https:\/\/ristoranteroma.fi\/Roma2\/wp-content\/uploads\/2026\/01\/roma-22.11.25_42-225x300.jpg 225w, https:\/\/ristoranteroma.fi\/Roma2\/wp-content\/uploads\/2026\/01\/roma-22.11.25_42-768x1024.jpg 768w, https:\/\/ristoranteroma.fi\/Roma2\/wp-content\/uploads\/2026\/01\/roma-22.11.25_42-1152x1536.jpg 1152w, https:\/\/ristoranteroma.fi\/Roma2\/wp-content\/uploads\/2026\/01\/roma-22.11.25_42-1320x1760.jpg 1320w, https:\/\/ristoranteroma.fi\/Roma2\/wp-content\/uploads\/2026\/01\/roma-22.11.25_42-600x800.jpg 600w\" sizes=\"(max-width: 1536px) 100vw, 1536px\" \/>\t\t\t\t\t\t\t\t\t\t\t\t\t\t\t<\/div>\n\t\t\t\t<\/div>\n\t\t<div class=\"elementor-element elementor-element-9c4358c e-con-full e-flex e-con e-child\" data-id=\"9c4358c\" data-element_type=\"container\" data-e-type=\"container\">\n\t\t\t\t<div class=\"elementor-element elementor-element-395caf4 elementor-widget elementor-widget-image\" data-id=\"395caf4\" data-element_type=\"widget\" data-e-type=\"widget\" data-widget_type=\"image.default\">\n\t\t\t\t\t\t\t\t\t\t\t\t\t\t\t<img loading=\"lazy\" decoding=\"async\" width=\"1536\" height=\"2048\" src=\"https:\/\/ristoranteroma.fi\/Roma2\/wp-content\/uploads\/2026\/01\/roma-22.11.25_52.jpg\" class=\"attachment-full size-full wp-image-2784\" alt=\"\" srcset=\"https:\/\/ristoranteroma.fi\/Roma2\/wp-content\/uploads\/2026\/01\/roma-22.11.25_52.jpg 1536w, https:\/\/ristoranteroma.fi\/Roma2\/wp-content\/uploads\/2026\/01\/roma-22.11.25_52-225x300.jpg 225w, https:\/\/ristoranteroma.fi\/Roma2\/wp-content\/uploads\/2026\/01\/roma-22.11.25_52-768x1024.jpg 768w, https:\/\/ristoranteroma.fi\/Roma2\/wp-content\/uploads\/2026\/01\/roma-22.11.25_52-1152x1536.jpg 1152w, https:\/\/ristoranteroma.fi\/Roma2\/wp-content\/uploads\/2026\/01\/roma-22.11.25_52-1320x1760.jpg 1320w, https:\/\/ristoranteroma.fi\/Roma2\/wp-content\/uploads\/2026\/01\/roma-22.11.25_52-600x800.jpg 600w\" sizes=\"(max-width: 1536px) 100vw, 1536px\" \/>\t\t\t\t\t\t\t\t\t\t\t\t\t\t\t<\/div>\n\t\t\t\t<\/div>\n\t\t\t\t<\/div>\n\t\t\t\t\t<\/div>\n\t\t\t\t<\/div>\n\t\t<div class=\"elementor-element elementor-element-3586991 e-flex e-con-boxed e-con e-parent\" data-id=\"3586991\" data-element_type=\"container\" data-e-type=\"container\" data-settings=\"{&quot;background_background&quot;:&quot;classic&quot;}\">\n\t\t\t\t\t<div class=\"e-con-inner\">\n\t\t\t\t<div class=\"elementor-element elementor-element-fab137f elementor-widget elementor-widget-image-box\" data-id=\"fab137f\" data-element_type=\"widget\" data-e-type=\"widget\" data-widget_type=\"image-box.default\">\n\t\t\t\t\t<div class=\"elementor-image-box-wrapper\"><div class=\"elementor-image-box-content\"><h3 class=\"elementor-image-box-title\">Rooman maut, Tampereen syd\u00e4mess\u00e4<\/h3><p class=\"elementor-image-box-description\">Tervetuloa nauttimaan italialaisesta keitti\u00f6st\u00e4, yst\u00e4v\u00e4llisest\u00e4 palvelusta ja hetkist\u00e4, jotka j\u00e4\u00e4v\u00e4t mieleen. Varaa p\u00f6yt\u00e4 ja anna illan alkaa.<\/p><\/div><\/div>\t\t\t\t<\/div>\n\t\t\t\t\t<\/div>\n\t\t\t\t<\/div>\n\t\t\t\t<\/div>\n\t\t","protected":false},"excerpt":{"rendered":"<p>Tarjouksemme Tutustu makuihin Roomasta Ruokalistamme \u2013 makumatka Italian klassikoihin 01 Tarjontamme \u2013 Rooman maut, meid\u00e4n tapamme Ristorante Roman keitti\u00f6 pohjautuu [&hellip;]<\/p>\n","protected":false},"author":1,"featured_media":0,"parent":0,"menu_order":0,"comment_status":"closed","ping_status":"closed","template":"","meta":{"site-sidebar-layout":"no-sidebar","site-content-layout":"","ast-site-content-layout":"full-width-container","site-content-style":"default","site-sidebar-style":"default","ast-global-header-display":"","ast-banner-title-visibility":"","ast-main-header-display":"","ast-hfb-above-header-display":"","ast-hfb-below-header-display":"","ast-hfb-mobile-header-display":"","site-post-title":"disabled","ast-breadcrumbs-content":"","ast-featured-img":"disabled","footer-sml-layout":"","ast-disable-related-posts":"","theme-transparent-header-meta":"","adv-header-id-meta":"","stick-header-meta":"","header-above-stick-meta":"","header-main-stick-meta":"","header-below-stick-meta":"","astra-migrate-meta-layouts":"default","ast-page-background-enabled":"default","ast-page-background-meta":{"desktop":{"background-color":"var(--ast-global-color-5)","background-image":"","background-repeat":"repeat","background-position":"center center","background-size":"auto","background-attachment":"scroll","background-type":"","background-media":"","overlay-type":"","overlay-color":"","overlay-opacity":"","overlay-gradient":""},"tablet":{"background-color":"","background-image":"","background-repeat":"repeat","background-position":"center center","background-size":"auto","background-attachment":"scroll","background-type":"","background-media":"","overlay-type":"","overlay-color":"","overlay-opacity":"","overlay-gradient":""},"mobile":{"background-color":"","background-image":"","background-repeat":"repeat","background-position":"center center","background-size":"auto","background-attachment":"scroll","background-type":"","background-media":"","overlay-type":"","overlay-color":"","overlay-opacity":"","overlay-gradient":""}},"ast-content-background-meta":{"desktop":{"background-color":"var(--ast-global-color-4)","background-image":"","background-repeat":"repeat","background-position":"center center","background-size":"auto","background-attachment":"scroll","background-type":"","background-media":"","overlay-type":"","overlay-color":"","overlay-opacity":"","overlay-gradient":""},"tablet":{"background-color":"var(--ast-global-color-4)","background-image":"","background-repeat":"repeat","background-position":"center center","background-size":"auto","background-attachment":"scroll","background-type":"","background-media":"","overlay-type":"","overlay-color":"","overlay-opacity":"","overlay-gradient":""},"mobile":{"background-color":"var(--ast-global-color-4)","background-image":"","background-repeat":"repeat","background-position":"center center","background-size":"auto","background-attachment":"scroll","background-type":"","background-media":"","overlay-type":"","overlay-color":"","overlay-opacity":"","overlay-gradient":""}},"footnotes":""},"class_list":["post-277","page","type-page","status-publish","hentry"],"_links":{"self":[{"href":"https:\/\/ristoranteroma.fi\/Roma2\/wp-json\/wp\/v2\/pages\/277","targetHints":{"allow":["GET"]}}],"collection":[{"href":"https:\/\/ristoranteroma.fi\/Roma2\/wp-json\/wp\/v2\/pages"}],"about":[{"href":"https:\/\/ristoranteroma.fi\/Roma2\/wp-json\/wp\/v2\/types\/page"}],"author":[{"embeddable":true,"href":"https:\/\/ristoranteroma.fi\/Roma2\/wp-json\/wp\/v2\/users\/1"}],"replies":[{"embeddable":true,"href":"https:\/\/ristoranteroma.fi\/Roma2\/wp-json\/wp\/v2\/comments?post=277"}],"version-history":[{"count":88,"href":"https:\/\/ristoranteroma.fi\/Roma2\/wp-json\/wp\/v2\/pages\/277\/revisions"}],"predecessor-version":[{"id":3125,"href":"https:\/\/ristoranteroma.fi\/Roma2\/wp-json\/wp\/v2\/pages\/277\/revisions\/3125"}],"wp:attachment":[{"href":"https:\/\/ristoranteroma.fi\/Roma2\/wp-json\/wp\/v2\/media?parent=277"}],"curies":[{"name":"wp","href":"https:\/\/api.w.org\/{rel}","templated":true}]}}